{"id":1332,"date":"2023-06-25T20:48:06","date_gmt":"2023-06-25T18:48:06","guid":{"rendered":"http:\/\/panamfishing.fr\/?page_id=1332"},"modified":"2023-06-26T09:11:16","modified_gmt":"2023-06-26T07:11:16","slug":"peche-a-la-mouche-en-domaine-prive","status":"publish","type":"page","link":"https:\/\/panamfishing.fr\/index.php\/peche-a-la-mouche-en-domaine-prive\/","title":{"rendered":"P\u00eache \u00e0 la mouche en domaine priv\u00e9"},"content":{"rendered":"\n<figure class=\"wp-block-gallery has-nested-images columns-default is-cropped wp-block-gallery-1 is-layout-flex wp-block-gallery-is-layout-flex\">\n<figure class=\"wp-block-image size-large\"><img loading=\"lazy\" decoding=\"async\" width=\"900\" height=\"675\" data-id=\"1335\" src=\"http:\/\/panamfishing.fr\/wp-content\/uploads\/2023\/06\/Truite-2-edited.jpg\" alt=\"\" class=\"wp-image-1335\" srcset=\"https:\/\/panamfishing.fr\/wp-content\/uploads\/2023\/06\/Truite-2-edited.jpg 900w, https:\/\/panamfishing.fr\/wp-content\/uploads\/2023\/06\/Truite-2-edited-300x225.jpg 300w, https:\/\/panamfishing.fr\/wp-content\/uploads\/2023\/06\/Truite-2-edited-768x576.jpg 768w\" sizes=\"(max-width: 706px) 89vw, (max-width: 767px) 82vw, 740px\" \/><\/figure>\n<\/figure>\n\n\n\n<p>Dans un magnifique domaine priv\u00e9 de plusieurs hectares en <strong><mark style=\"background-color:rgba(0, 0, 0, 0);color:#000080\" class=\"has-inline-color\">Normandie<\/mark><\/strong>, venez attraper de <strong><mark style=\"background-color:rgba(0, 0, 0, 0);color:#000080\" class=\"has-inline-color\">tr\u00e8s belles truites et salmonid\u00e9s \u00e0 la mouche.<\/mark><\/strong><\/p>\n\n\n\n<p>Compos\u00e9 de lacs et rivi\u00e8res et <strong><mark style=\"background-color:rgba(0, 0, 0, 0);color:#000080\" class=\"has-inline-color\">ouvert \u00e0 la p\u00eache toute l&rsquo;ann\u00e9e<\/mark><\/strong>, ce domaine saura satisfaire les mordus de p\u00eache m\u00eame lors de la p\u00e9riode de fermeture.<\/p>\n\n\n\n<p><mark style=\"background-color:rgba(0, 0, 0, 0);color:#000080\" class=\"has-inline-color\"><\/mark>A environ 1h30 de Paris, que vous soyez <strong><mark style=\"background-color:rgba(0, 0, 0, 0);color:#000080\" class=\"has-inline-color\">d\u00e9butant ou confirm\u00e9<\/mark><\/strong>, la <strong><mark style=\"background-color:rgba(0, 0, 0, 0);color:#000080\" class=\"has-inline-color\">p\u00eache \u00e0 la mouche<\/mark><\/strong> de ces jolies esp\u00e8ces n&rsquo;aura plus de secret pour vous.<\/p>\n\n\n\n<p>Je vous confierai tous mes trucs et astuces afin que vous puissiez <strong><mark style=\"background-color:rgba(0, 0, 0, 0);color:#000080\" class=\"has-inline-color\">pratiquer cette noble technique \u00e0 la recherche des truites et salmonid\u00e9s, seul ou \u00e0 plusieurs<\/mark><\/strong>, lors de vos prochaines escapades : <mark style=\"background-color:rgba(0, 0, 0, 0);color:#000080\" class=\"has-inline-color\"><strong>postes, gestuelles<\/strong>, <strong>comportement des esp\u00e8ces<\/strong><\/mark>&#8230;<\/p>\n\n\n\n<p>Tout le mat\u00e9riel vous sera fourni.<\/p>\n\n\n\n<p><em>Tous les poissons captur\u00e9s seront rel\u00e2ch\u00e9s dans les meilleures conditions afin de respecter nos partenaires de jeux et la biodiversit\u00e9 aquatique.<\/em><\/p>\n\n\n\n<p><em>Sessions uniquement \u00e0 la journ\u00e9e. <\/em><\/p>\n\n\n\n<h2 class=\"wp-block-heading\">TARIFS* GUIDAGES EN DOMAINE PRIV\u00c9<\/h2>\n\n\n\n<style>\n.tbody {\n  width: 100%;\n  color: #102983;\n}\n\n.tr {\n  display: flex;\n}\n\n.head {\n  background-color: #102983;\n  color: white;\n  width: calc(100% \/ 3);\n}\n\n.td {\n  padding: 5px;\n  width: calc(100% \/ 3);\n  max-width: calc(100% \/ 3);\n  text-align: center;\n  border-bottom: solid 1px #102983;\n  border-right: solid 1px #102983;\n}\n.td-2 {\n  width: calc((100% \/ 3) * 2);\n  text-align: center;\n  border-bottom: solid 1px #102983;\n  border-right: solid 1px #102983;\n}\n\n.last .head {\n  padding: 10px !important;\n}\n\n.last .td, .last .td-2{\n  padding: 20px;\n  display: flex;\n  flex-direction: column;\n  justify-content: center;\n}\n\n.info {\n  text-align: center;\n  margin: 5px;\n}\n.h2 {\n  display: flex;\n  letter-spacing: 0.1em;\n}\n.h2 span {\n  font-size: 1.2rem;\n  margin-right: 10px;\n}\n<\/style>\n\n<div class=\"tbody\">\n        <div class=\"tr\">\n      <div class=\"td\"><\/div>\n            <div class=\"td head\">Journ\u00e9e compl\u00e8te (6h) *<\/div>      \n    <\/div>\n    <div class=\"tr\">\n      <div class=\"td head\"> 1 personne <\/div>\n            <div class=\"td\"> 310\u20ac <\/div>      \n    <\/div>\n    <div class=\"tr\">\n      <div class=\"td head\"> 2 personnes <\/div>\n            <div class=\"td\"> 290\u20ac <\/div>      \n    <\/div>\n    <div class=\"info\"> <i>* Prix par personne, mat\u00e9riel fourni, incluant le droit d&rsquo;acc\u00e8s au site priv\u00e9<\/i><\/div>\n\n<\/div>\n\n\n\n<hr class=\"wp-block-separator is-style-wide\"\/>\n\n\n\n<p><strong><span style=\"color:#021ba7\" class=\"has-inline-color\">Renseignements et r\u00e9servations :<\/span><\/strong><\/p>\n\n\n\n<p>Stanislas Walotek (guide de p\u00eache) au <strong><a href=\"tel:+33677011950\"><span style=\"color:#021ba7\" class=\"has-inline-color\">0677011950<\/span><\/a><\/strong> ou <strong><a href=\"mailto:panam.fishing@outlook.fr\"><span style=\"color:#021ba7\" class=\"has-inline-color\">panam.fishing@outlook.fr<\/span><\/a><\/strong><\/p>\n\n\n\n<hr class=\"wp-block-separator is-style-wide\"\/>\n\n\n\n<hr class=\"wp-block-separator has-css-opacity\"\/>\n\n\n\n<figure class=\"wp-block-gallery has-nested-images columns-default is-cropped wp-block-gallery-2 is-layout-flex wp-block-gallery-is-layout-flex\">\n<figure class=\"wp-block-image size-large\"><img loading=\"lazy\" decoding=\"async\" width=\"576\" height=\"1024\" data-id=\"1347\" src=\"http:\/\/panamfishing.fr\/wp-content\/uploads\/2023\/06\/Truite_Normandie-4-576x1024.jpg\" alt=\"Cours p\u00eache\nP\u00eache \u00e0 la mouche\nP\u00eache Paris\nGuide de p\u00eache Paris\" class=\"wp-image-1347\" srcset=\"https:\/\/panamfishing.fr\/wp-content\/uploads\/2023\/06\/Truite_Normandie-4-576x1024.jpg 576w, https:\/\/panamfishing.fr\/wp-content\/uploads\/2023\/06\/Truite_Normandie-4-169x300.jpg 169w, https:\/\/panamfishing.fr\/wp-content\/uploads\/2023\/06\/Truite_Normandie-4-768x1365.jpg 768w, https:\/\/panamfishing.fr\/wp-content\/uploads\/2023\/06\/Truite_Normandie-4-864x1536.jpg 864w, https:\/\/panamfishing.fr\/wp-content\/uploads\/2023\/06\/Truite_Normandie-4.jpg 900w\" sizes=\"(max-width: 576px) 100vw, 576px\" \/><\/figure>\n\n\n\n<figure class=\"wp-block-image size-large\"><img loading=\"lazy\" decoding=\"async\" width=\"577\" height=\"1024\" data-id=\"1346\" src=\"http:\/\/panamfishing.fr\/wp-content\/uploads\/2023\/06\/Truite_Normandie-3-577x1024.jpg\" alt=\"Cours p\u00eache P\u00eache \u00e0 la mouche P\u00eache Paris Guide de p\u00eache Paris\" class=\"wp-image-1346\" srcset=\"https:\/\/panamfishing.fr\/wp-content\/uploads\/2023\/06\/Truite_Normandie-3-577x1024.jpg 577w, https:\/\/panamfishing.fr\/wp-content\/uploads\/2023\/06\/Truite_Normandie-3-169x300.jpg 169w, https:\/\/panamfishing.fr\/wp-content\/uploads\/2023\/06\/Truite_Normandie-3-768x1364.jpg 768w, https:\/\/panamfishing.fr\/wp-content\/uploads\/2023\/06\/Truite_Normandie-3-865x1536.jpg 865w, https:\/\/panamfishing.fr\/wp-content\/uploads\/2023\/06\/Truite_Normandie-3-1153x2048.jpg 1153w, https:\/\/panamfishing.fr\/wp-content\/uploads\/2023\/06\/Truite_Normandie-3-scaled.jpg 1441w\" sizes=\"(max-width: 577px) 100vw, 577px\" \/><\/figure>\n<\/figure>\n","protected":false},"excerpt":{"rendered":"<p>Dans un magnifique domaine priv\u00e9 de plusieurs hectares en Normandie, venez attraper de tr\u00e8s belles truites et salmonid\u00e9s \u00e0 la mouche. Compos\u00e9 de lacs et rivi\u00e8res et ouvert \u00e0 la p\u00eache toute l&rsquo;ann\u00e9e, ce domaine saura satisfaire les mordus de p\u00eache m\u00eame lors de la p\u00e9riode de fermeture. A environ 1h30 de Paris, que vous &hellip; <\/p>\n<p class=\"link-more\"><a href=\"https:\/\/panamfishing.fr\/index.php\/peche-a-la-mouche-en-domaine-prive\/\" class=\"more-link\">Continuer la lecture<span class=\"screen-reader-text\"> de &laquo;&nbsp;P\u00eache \u00e0 la mouche en domaine priv\u00e9&nbsp;&raquo;<\/span><\/a><\/p>\n","protected":false},"author":1,"featured_media":0,"parent":0,"menu_order":0,"comment_status":"closed","ping_status":"closed","template":"","meta":{"footnotes":""},"aioseo_notices":[],"_links":{"self":[{"href":"https:\/\/panamfishing.fr\/index.php\/wp-json\/wp\/v2\/pages\/1332"}],"collection":[{"href":"https:\/\/panamfishing.fr\/index.php\/wp-json\/wp\/v2\/pages"}],"about":[{"href":"https:\/\/panamfishing.fr\/index.php\/wp-json\/wp\/v2\/types\/page"}],"author":[{"embeddable":true,"href":"https:\/\/panamfishing.fr\/index.php\/wp-json\/wp\/v2\/users\/1"}],"replies":[{"embeddable":true,"href":"https:\/\/panamfishing.fr\/index.php\/wp-json\/wp\/v2\/comments?post=1332"}],"version-history":[{"count":8,"href":"https:\/\/panamfishing.fr\/index.php\/wp-json\/wp\/v2\/pages\/1332\/revisions"}],"predecessor-version":[{"id":1379,"href":"https:\/\/panamfishing.fr\/index.php\/wp-json\/wp\/v2\/pages\/1332\/revisions\/1379"}],"wp:attachment":[{"href":"https:\/\/panamfishing.fr\/index.php\/wp-json\/wp\/v2\/media?parent=1332"}],"curies":[{"name":"wp","href":"https:\/\/api.w.org\/{rel}","templated":true}]}}